/256). Calculate the greatest common divisor of 12 and s.
12
Let c(b) = -b**2 + 15*b + 13. Let l be c(11). Calculate the highest common factor of l and 19.
19
Suppose -206 = -13*a + 262. Calculate the greatest common divisor of a and 804.
12
Suppose 3*y + 5*l - 2599 = 0, -2*l + 1196 = 4*y - 2246. What is the greatest common divisor of 26 and y?
26
Let b(t) = -t**3 - 4*t**2 - 7*t. Let d = -21 - -17. Let q be b(d). What is the highest common divisor of 7 and q?
7
Let f be -5*3/2*4/(-6). Suppose f*c - 148 = -2*i, c - 28 = -i - i. Calculate the greatest common divisor of c and 60.
30
Let w = -785 - -953. What is the highest common divisor of w and 192?
24
Let x = 169 - 144. What is the greatest common factor of x and 35?
5
Suppose 3*i - 423 = -2*y, -4*y + 7*i + 841 = 12*i. What is the highest common factor of y and 51?
51
Suppose 5*n + 445 = s, 7*n - 2*n - 10 = 0. What is the greatest common divisor of 35 and s?
35
Let n be 21*-3*1*68/(-6). What is the greatest common divisor of n and 21?
21
Let u = -10 + 12. Suppose u = 3*a + 11. Let t(i) = -4*i - 2. Let j be t(a). What is the highest common factor of 5 and j?
5
Let d(q) = 3*q**3 - q**2 - 2*q - 1. Suppose -4*w = -s + 18 + 4, -s - 5*w = 23. Let p be d(s). What is the highest common factor of p and 165?
15
Suppose 4*i - 1429 = -77. Calculate the greatest common divisor of 52 and i.
26
Let o(l) = 6*l - 7*l + 2 + 1. Let y be o(-2). Suppose y*f = -6*w + 3*w + 105, 105 = 3*w + f. Calculate the greatest common factor of 5 and w.
5
Suppose 2*f = -2*a + 22, -5*a = -a + 2*f - 34. Suppose s - 3 = -4*w, -6*w + 3*s = -4*w - 19. Calculate the greatest common factor of a and w.
2
Let j(l) = -l**3 + 6*l**2 + 16*l + 1. Let z be j(7). Let a = -26 + z. Calculate the greatest common factor of 38 and a.
38
Let y(w) = -w**2 + 16*w - 61. Let o be y(9). Suppose 5*z + c - 988 = 0, 3*z + 4*c = o*c + 590. What is the greatest common divisor of z and 22?
22
Suppose 0*u + 20 = 2*u. Let z = -1572 + 1578. What is the highest common factor of z and u?
2
Let c = -19 - -36. Let h(a) = 3*a**2 + 17*a - 22. Let t be h(-9). Calculate the greatest common divisor of t and c.
17
Suppose -143*x + l - 593 = -146*x, x + 2*l = 206. Calculate the greatest common divisor of 343 and x.
49
Suppose a + 3*t - 105 = 0, -2*t = -a - a + 242. Let k be (-2)/(-2) - 138/46. Let d be 208/(-8)*k/4. What is the highest common factor of a and d?
13
Suppose 2*x = -3*p + 6*x + 28, -2*p + x = -22. Let v = -461 + 879. Suppose -5*r = -122 - v. Calculate the greatest common divisor of p and r.
12
Suppose -13*m + 16 = -9*m. Let r(g) = -g**3 + 5*g**2 - 3*g + 1. Let c be r(m). Suppose 46 = 5*n - 154. Calculate the highest common divisor of n and c.
5
Let b = -1114 - -1208. Calculate the greatest common factor of b and 1598.
94
Let z(v) = -v**3 - v**2 - 3*v - 4. Suppose 14*r - 13*r = -2. Let f be z(r). What is the highest common divisor of f and 66?
6
Suppose 341 = 4*o - 363. Let y = -124 + o. Let x be 13/y + (-55)/(-4). What is the highest common factor of x and 14?
14
Let a = 988 - 305. Suppose -4*j + j + 2*c = -1179, 407 = j + 4*c. Let y = a - j. Calculate the highest common factor of 36 and y.
36
Suppose -6*j + 12 + 6 = 0. Suppose -220 = -5*i + 2*b, i = -j*i + 3*b + 176. Calculate the highest common factor of i and 22.
22
Suppose -3*i + 2 = -5*v - 14, -2*i - 5*v = -44. Suppose 3*g = -0*g + 5*c + 38, c = 2*g - 16. Calculate the greatest common divisor of g and i.
6
Let h(b) = -b**3 + 19*b**2 + 22*b - 28. Suppose k - 70 = -2*k - 2*j, -k + 5*j - 5 = 0. Let f be h(k). Calculate the greatest common divisor of f and 36.
12
Let a be ((-38)/114)/((-2)/96). Let q be (-64)/((-2)/((-8)/(-2))). What is the highest common divisor of a and q?
16
Suppose -8*x + 4*x + 1708 = -2*p, -2*p = 2*x - 842. Calculate the greatest common factor of x and 34.
17
Suppose v = 187 - 33. Let n = 16 + -2. What is the highest common divisor of n and v?
14
Let m(b) = 38*b + 184. Let w be m(-4). What is the highest common divisor of 20 and w?
4
Let x = -40 + 34. Let i(b) = -b. Let u be i(x). Suppose -4 = -t - 0*t. Calculate the highest common divisor of t and u.
2
Let u be (-22)/((-2)/(-2))*-11. Let l(r) = 10*r - 8. Let k be l(3). What is the highest common factor of u and k?
22
Let i(d) = 4*d - 4. Let o be i(3). Let h = -5 + 13. What is the highest common factor of o and h?
8
Let z be ((-4)/(-5))/(10/50). Suppose 0 = 4*p + 4*v - 664, -z*v + 324 = 3*p - p. Suppose -p = -2*j - 2. Calculate the highest common divisor of j and 56.
28
Let u = -8 - -10. Let j be (u/3)/((-11)/(-33)). Let b(w) = 7*w**2 - w + 1. Let v be b(j). Calculate the greatest common divisor of 189 and v.
27
Suppose -453 - 1437 = -63*t. Let h = -7 + 13. What is the greatest common divisor of t and h?
6
Let o be (-4)/(-18) + 4*14/72. Let u be (o - (0 + -83)) + 0. Calculate the highest common divisor of 12 and u.
12
Let m(s) = -2*s**3 - 27*s**2 + 33*s + 76. Let v be m(-16). What is the greatest common divisor of v and 36?
36
Suppose 0 = -5*i + i + 240. Let m be ((3 - 2)*-38)/((-9)/9). Let q = i - m. Calculate the highest common factor of q and 22.
22
Suppose -42*b - 20363 + 115325 = 0. What is the highest common divisor of 19 and b?
19
Let w = -6 - -5. Let t be (-5 - 3)/(-1 + w). Let q be (-28)/(-4) + -3*1. What is the highest common divisor of q and t?
4
Let p be (-1815)/22*(-4 + 2). What is the highest common divisor of p and 22?
11
Let m = 423 + -404. What is the greatest common divisor of 57 and m?
19
Let d = 57 - 52. Suppose 3 = -a - 3*n, 2*n - 5*n = -d*a + 39. What is the highest common divisor of a and 54?
6
Suppose 264 = 5*b + 14. Let i(w) = -2*w - 24. Let k be i(-17). What is the highest common factor of k and b?
10
Let o = 454 + -358. Calculate the highest common divisor of 60 and o.
12
Let x = 1394 + 1226. What is the highest common divisor of x and 20?
20
Suppose -4*f = -3*l + 194, -5*l + 5*f - 3*f = -328. Calculate the greatest common divisor of 330 and l.
66
Let u = 70 - 126. Let f = -52 - u. Let i be (-2)/(-7) - 5/(-7). Calculate the greatest common divisor of i and f.
1
Let q = -82 + 138. Let d(b) = 2 - 7 + b - 2*b + 3*b. Let g be d(6). What is the greatest common factor of q and g?
7
Suppose -u - 39 = -4*u. Let c = -8 + u. Let b = 28 + c. What is the highest common divisor of b and 3?
3
Suppose -5*w + 2*w = -51. Let t = 296 - 88. Suppose -61 = -u + 5*g, 4*u - g = g + t. Calculate the highest common divisor of w and u.
17
Let u = 21 + -51. Let l = u + 44. Suppose 8 = -2*d + 78. Calculate the highest common factor of d and l.
7
Let u be (-10 - -3) + 4 - (-431 - 6). What is the greatest common factor of u and 28?
14
Let m be (-1 - -17)/2*(-75)/(-25). What is the highest common factor of 40 and m?
8
Suppose -5*u + 3*t - 109 = -1197, -3*t + 12 = 0. Let r = 133 - 113. Calculate the greatest common factor of u and r.
20
Suppose 87*i - 82*i + 975 = 0. Let z be (-41)/(-13) - 5/i*-6. What is the highest common divisor of z and 9?
3
Suppose -c - u + 42 = 4*c, -5*c + u + 48 = 0. What is the highest common factor of c and 36?
9
Suppose -h + 257 = 4*h - w, 2*h = w + 104. Suppose -4*x + 29 = -h. Calculate the highest common factor of 80 and x.
20
Let s be (11 + -3)/((-6)/(-15)). Let y = -15 + s. Calculate the highest common divisor of 40 and y.
5
Let u(a) = 6*a**2 - 5*a + 8. Let o be u(4). Calculate the greatest common divisor of 12 and o.
12
Suppose 2*b - 104 = 2*h - 5*h, -2*h - 4*b + 80 = 0. What is the greatest common factor of h and 80?
16
Let z = -72 - -227. Calculate the greatest common factor of 217 and z.
31
Let n = 20 - -20. Suppose r = 3*i - 83, -2*r - n = -2*i + 14. Let q = -5 - -9. What is the highest common factor of q and i?
4
Let i(x) = 24*x**2 - 12*x - 10. Let o be i(-1). What is the highest common divisor of 234 and o?
26
Suppose -25*m = -495 - 49555. Calculate the highest common divisor of m and 26.
26
Suppose 205*w - 1120 = 195*w. What is the highest common factor of 84 and w?
28
Let a be (8/16)/((-1)/16). Let o(b) = b**2 + 7*b - 2. Let q be o(a). Let l be 12/(q/3 + -1). What is the highest common divisor of l and 60?
12
Let r(g) = 26*g**2 - 2*g - 1. Let y be r(2). Suppose 2*v + 2*v - 4*b - 36 = 0, 0 = 3*v - 5*b - 23. What is the highest common divisor of y and v?
11
Suppose -6*p + 251 - 59 = 0. What is the hi